{"id":170,"date":"2020-09-21T11:54:08","date_gmt":"2020-09-21T14:54:08","guid":{"rendered":"https:\/\/www.ucs.br\/ips2\/?page_id=170"},"modified":"2025-07-01T16:10:07","modified_gmt":"2025-07-01T19:10:07","slug":"pesquisas","status":"publish","type":"page","link":"https:\/\/www.ucs.br\/ips\/?page_id=170","title":{"rendered":"Pesquisas (Em Andamento)"},"content":{"rendered":"<div class=\"grade-de-projetos\">\n<div class=\"projeto-card\">\r\n    <div class=\"card-detalhes\">\r\n        <h3><a href=\"https:\/\/www.ucs.br\/ips\/?post_type=pesquisa&#038;p=1604\">ABTECT &#8211; Maintenance<\/a><\/h3>\r\n        <p class=\"card-info\">\r\n            <i class=\"fas fa-info-circle\"><\/i> \r\n            <strong>Status:<\/strong> Em andamento\r\n        <\/p>\r\n\r\n        \r\n        <p class=\"card-info\">\r\n            <i class=\"fas fa-stethoscope\"><\/i> \r\n            <strong>Especialidade M\u00e9dica:<\/strong> Gastroenterologia\r\n        <\/p>\r\n        \r\n\t\t\r\n\t\t<p class=\"card-info\">\r\n  \t\t\t<i class=\"fas fa-heartbeat\"><\/i>\r\n  \t\t\t<strong>Condi\u00e7\u00e3o ou doen\u00e7a:<\/strong> <span class=\"valor-condicao\">Colite ulcerativa<\/span>\r\n\t\t<\/p>\r\n        \r\n    <\/div>\r\n    <div class=\"card-footer\">\r\n        <a href=\"https:\/\/www.ucs.br\/ips\/?post_type=pesquisa&#038;p=1604\" class=\"card-botao\">Ver Detalhes<\/a>\r\n    <\/div>\r\n<\/div><div class=\"projeto-card\">\r\n    <div class=\"card-detalhes\">\r\n        <h3><a href=\"https:\/\/www.ucs.br\/ips\/?post_type=pesquisa&#038;p=1358\">ABTECT-2<\/a><\/h3>\r\n        <p class=\"card-info\">\r\n            <i class=\"fas fa-info-circle\"><\/i> \r\n            <strong>Status:<\/strong> Em andamento\r\n        <\/p>\r\n\r\n        \r\n        <p class=\"card-info\">\r\n            <i class=\"fas fa-stethoscope\"><\/i> \r\n            <strong>Especialidade M\u00e9dica:<\/strong> Gastroenterologia\r\n        <\/p>\r\n        \r\n\t\t\r\n\t\t<p class=\"card-info\">\r\n  \t\t\t<i class=\"fas fa-heartbeat\"><\/i>\r\n  \t\t\t<strong>Condi\u00e7\u00e3o ou doen\u00e7a:<\/strong> <span class=\"valor-condicao\">Colite ulcerativa<\/span>\r\n\t\t<\/p>\r\n        \r\n    <\/div>\r\n    <div class=\"card-footer\">\r\n        <a href=\"https:\/\/www.ucs.br\/ips\/?post_type=pesquisa&#038;p=1358\" class=\"card-botao\">Ver Detalhes<\/a>\r\n    <\/div>\r\n<\/div><div class=\"projeto-card\">\r\n    <div class=\"card-detalhes\">\r\n        <h3><a href=\"https:\/\/www.ucs.br\/ips\/?post_type=pesquisa&#038;p=1563\">CaDAnCe-101<\/a><\/h3>\r\n        <p class=\"card-info\">\r\n            <i class=\"fas fa-info-circle\"><\/i> \r\n            <strong>Status:<\/strong> Em andamento\r\n        <\/p>\r\n\r\n        \r\n        <p class=\"card-info\">\r\n            <i class=\"fas fa-stethoscope\"><\/i> \r\n            <strong>Especialidade M\u00e9dica:<\/strong> Hematologia\r\n        <\/p>\r\n        \r\n\t\t\r\n\t\t<p class=\"card-info\">\r\n  \t\t\t<i class=\"fas fa-heartbeat\"><\/i>\r\n  \t\t\t<strong>Condi\u00e7\u00e3o ou doen\u00e7a:<\/strong> <span class=\"valor-condicao\">Malignidades de c\u00e9lulas B<\/span>\r\n\t\t<\/p>\r\n        \r\n    <\/div>\r\n    <div class=\"card-footer\">\r\n        <a href=\"https:\/\/www.ucs.br\/ips\/?post_type=pesquisa&#038;p=1563\" class=\"card-botao\">Ver Detalhes<\/a>\r\n    <\/div>\r\n<\/div><div class=\"projeto-card\">\r\n    <div class=\"card-detalhes\">\r\n        <h3><a href=\"https:\/\/www.ucs.br\/ips\/?post_type=pesquisa&#038;p=1837\">CELESTIAL<\/a><\/h3>\r\n        <p class=\"card-info\">\r\n            <i class=\"fas fa-info-circle\"><\/i> \r\n            <strong>Status:<\/strong> Em andamento\r\n        <\/p>\r\n\r\n        \r\n        <p class=\"card-info\">\r\n            <i class=\"fas fa-stethoscope\"><\/i> \r\n            <strong>Especialidade M\u00e9dica:<\/strong> Hematologia\r\n        <\/p>\r\n        \r\n\t\t\r\n\t\t<p class=\"card-info\">\r\n  \t\t\t<i class=\"fas fa-heartbeat\"><\/i>\r\n  \t\t\t<strong>Condi\u00e7\u00e3o ou doen\u00e7a:<\/strong> <span class=\"valor-condicao\">Linfoma de c\u00e9lulas do manto<\/span>\r\n\t\t<\/p>\r\n        \r\n    <\/div>\r\n    <div class=\"card-footer\">\r\n        <a href=\"https:\/\/www.ucs.br\/ips\/?post_type=pesquisa&#038;p=1837\" class=\"card-botao\">Ver Detalhes<\/a>\r\n    <\/div>\r\n<\/div><div class=\"projeto-card\">\r\n    <div class=\"card-detalhes\">\r\n        <h3><a href=\"https:\/\/www.ucs.br\/ips\/?post_type=pesquisa&#038;p=554\">CODE<\/a><\/h3>\r\n        <p class=\"card-info\">\r\n            <i class=\"fas fa-info-circle\"><\/i> \r\n            <strong>Status:<\/strong> Em andamento\r\n        <\/p>\r\n\r\n        \r\n        <p class=\"card-info\">\r\n            <i class=\"fas fa-stethoscope\"><\/i> \r\n            <strong>Especialidade M\u00e9dica:<\/strong> Infectologia\r\n        <\/p>\r\n        \r\n\t\t\r\n\t\t<p class=\"card-info\">\r\n  \t\t\t<i class=\"fas fa-heartbeat\"><\/i>\r\n  \t\t\t<strong>Condi\u00e7\u00e3o ou doen\u00e7a:<\/strong> <span class=\"valor-condicao\">HIV\/AIDS<\/span>\r\n\t\t<\/p>\r\n        \r\n    <\/div>\r\n    <div class=\"card-footer\">\r\n        <a href=\"https:\/\/www.ucs.br\/ips\/?post_type=pesquisa&#038;p=554\" class=\"card-botao\">Ver Detalhes<\/a>\r\n    <\/div>\r\n<\/div><div class=\"projeto-card\">\r\n    <div class=\"card-detalhes\">\r\n        <h3><a href=\"https:\/\/www.ucs.br\/ips\/?post_type=pesquisa&#038;p=1314\">COMBINE<\/a><\/h3>\r\n        <p class=\"card-info\">\r\n            <i class=\"fas fa-info-circle\"><\/i> \r\n            <strong>Status:<\/strong> Em andamento\r\n        <\/p>\r\n\r\n        \r\n        <p class=\"card-info\">\r\n            <i class=\"fas fa-stethoscope\"><\/i> \r\n            <strong>Especialidade M\u00e9dica:<\/strong> Cardiologia\r\n        <\/p>\r\n        \r\n\t\t\r\n\t\t<p class=\"card-info\">\r\n  \t\t\t<i class=\"fas fa-heartbeat\"><\/i>\r\n  \t\t\t<strong>Condi\u00e7\u00e3o ou doen\u00e7a:<\/strong> <span class=\"valor-condicao\">Angina est\u00e1vel sintom\u00e1tica<\/span>\r\n\t\t<\/p>\r\n        \r\n    <\/div>\r\n    <div class=\"card-footer\">\r\n        <a href=\"https:\/\/www.ucs.br\/ips\/?post_type=pesquisa&#038;p=1314\" class=\"card-botao\">Ver Detalhes<\/a>\r\n    <\/div>\r\n<\/div><div class=\"projeto-card\">\r\n    <div class=\"card-detalhes\">\r\n        <h3><a href=\"https:\/\/www.ucs.br\/ips\/?post_type=pesquisa&#038;p=1291\">CROSSING<\/a><\/h3>\r\n        <p class=\"card-info\">\r\n            <i class=\"fas fa-info-circle\"><\/i> \r\n            <strong>Status:<\/strong> Em andamento\r\n        <\/p>\r\n\r\n        \r\n        <p class=\"card-info\">\r\n            <i class=\"fas fa-stethoscope\"><\/i> \r\n            <strong>Especialidade M\u00e9dica:<\/strong> Gastroenterologia\r\n        <\/p>\r\n        \r\n\t\t\r\n\t\t<p class=\"card-info\">\r\n  \t\t\t<i class=\"fas fa-heartbeat\"><\/i>\r\n  \t\t\t<strong>Condi\u00e7\u00e3o ou doen\u00e7a:<\/strong> <span class=\"valor-condicao\">Esofagite eosinof\u00edlica<\/span>\r\n\t\t<\/p>\r\n        \r\n    <\/div>\r\n    <div class=\"card-footer\">\r\n        <a href=\"https:\/\/www.ucs.br\/ips\/?post_type=pesquisa&#038;p=1291\" class=\"card-botao\">Ver Detalhes<\/a>\r\n    <\/div>\r\n<\/div><div class=\"projeto-card\">\r\n    <div class=\"card-detalhes\">\r\n        <h3><a href=\"https:\/\/www.ucs.br\/ips\/?post_type=pesquisa&#038;p=911\">DESTINY-Breast05<\/a><\/h3>\r\n        <p class=\"card-info\">\r\n            <i class=\"fas fa-info-circle\"><\/i> \r\n            <strong>Status:<\/strong> Em andamento\r\n        <\/p>\r\n\r\n        \r\n        <p class=\"card-info\">\r\n            <i class=\"fas fa-stethoscope\"><\/i> \r\n            <strong>Especialidade M\u00e9dica:<\/strong> Oncologia\r\n        <\/p>\r\n        \r\n\t\t\r\n\t\t<p class=\"card-info\">\r\n  \t\t\t<i class=\"fas fa-heartbeat\"><\/i>\r\n  \t\t\t<strong>Condi\u00e7\u00e3o ou doen\u00e7a:<\/strong> <span class=\"valor-condicao\">C\u00e2ncer de mama<\/span>\r\n\t\t<\/p>\r\n        \r\n    <\/div>\r\n    <div class=\"card-footer\">\r\n        <a href=\"https:\/\/www.ucs.br\/ips\/?post_type=pesquisa&#038;p=911\" class=\"card-botao\">Ver Detalhes<\/a>\r\n    <\/div>\r\n<\/div><div class=\"projeto-card\">\r\n    <div class=\"card-detalhes\">\r\n        <h3><a href=\"https:\/\/www.ucs.br\/ips\/?post_type=pesquisa&#038;p=1329\">DUET-UC<\/a><\/h3>\r\n        <p class=\"card-info\">\r\n            <i class=\"fas fa-info-circle\"><\/i> \r\n            <strong>Status:<\/strong> Em andamento\r\n        <\/p>\r\n\r\n        \r\n        <p class=\"card-info\">\r\n            <i class=\"fas fa-stethoscope\"><\/i> \r\n            <strong>Especialidade M\u00e9dica:<\/strong> Gastroenterologia\r\n        <\/p>\r\n        \r\n\t\t\r\n\t\t<p class=\"card-info\">\r\n  \t\t\t<i class=\"fas fa-heartbeat\"><\/i>\r\n  \t\t\t<strong>Condi\u00e7\u00e3o ou doen\u00e7a:<\/strong> <span class=\"valor-condicao\">Colite ulcerativa<\/span>\r\n\t\t<\/p>\r\n        \r\n    <\/div>\r\n    <div class=\"card-footer\">\r\n        <a href=\"https:\/\/www.ucs.br\/ips\/?post_type=pesquisa&#038;p=1329\" class=\"card-botao\">Ver Detalhes<\/a>\r\n    <\/div>\r\n<\/div><div class=\"projeto-card\">\r\n    <div class=\"card-detalhes\">\r\n        <h3><a href=\"https:\/\/www.ucs.br\/ips\/?post_type=pesquisa&#038;p=981\">ENERGIZE<\/a><\/h3>\r\n        <p class=\"card-info\">\r\n            <i class=\"fas fa-info-circle\"><\/i> \r\n            <strong>Status:<\/strong> Em andamento\r\n        <\/p>\r\n\r\n        \r\n        <p class=\"card-info\">\r\n            <i class=\"fas fa-stethoscope\"><\/i> \r\n            <strong>Especialidade M\u00e9dica:<\/strong> Hematologia\r\n        <\/p>\r\n        \r\n\t\t\r\n\t\t<p class=\"card-info\">\r\n  \t\t\t<i class=\"fas fa-heartbeat\"><\/i>\r\n  \t\t\t<strong>Condi\u00e7\u00e3o ou doen\u00e7a:<\/strong> <span class=\"valor-condicao\">Talassemia alfa ou beta n\u00e3o dependente de transfus\u00e3o<\/span>\r\n\t\t<\/p>\r\n        \r\n    <\/div>\r\n    <div class=\"card-footer\">\r\n        <a href=\"https:\/\/www.ucs.br\/ips\/?post_type=pesquisa&#038;p=981\" class=\"card-botao\">Ver Detalhes<\/a>\r\n    <\/div>\r\n<\/div><div class=\"projeto-card\">\r\n    <div class=\"card-detalhes\">\r\n        <h3><a href=\"https:\/\/www.ucs.br\/ips\/?post_type=pesquisa&#038;p=1698\">Jimmy-Mel<\/a><\/h3>\r\n        <p class=\"card-info\">\r\n            <i class=\"fas fa-info-circle\"><\/i> \r\n            <strong>Status:<\/strong> Em andamento\r\n        <\/p>\r\n\r\n        \r\n        <p class=\"card-info\">\r\n            <i class=\"fas fa-stethoscope\"><\/i> \r\n            <strong>Especialidade M\u00e9dica:<\/strong> Oncologia\r\n        <\/p>\r\n        \r\n\t\t\r\n\t\t<p class=\"card-info\">\r\n  \t\t\t<i class=\"fas fa-heartbeat\"><\/i>\r\n  \t\t\t<strong>Condi\u00e7\u00e3o ou doen\u00e7a:<\/strong> <span class=\"valor-condicao\">Melanoma<\/span>\r\n\t\t<\/p>\r\n        \r\n    <\/div>\r\n    <div class=\"card-footer\">\r\n        <a href=\"https:\/\/www.ucs.br\/ips\/?post_type=pesquisa&#038;p=1698\" class=\"card-botao\">Ver Detalhes<\/a>\r\n    <\/div>\r\n<\/div><div class=\"projeto-card\">\r\n    <div class=\"card-detalhes\">\r\n        <h3><a href=\"https:\/\/www.ucs.br\/ips\/?post_type=pesquisa&#038;p=1913\">Jimmy-Mel Extens\u00e3o<\/a><\/h3>\r\n        <p class=\"card-info\">\r\n            <i class=\"fas fa-info-circle\"><\/i> \r\n            <strong>Status:<\/strong> Em andamento\r\n        <\/p>\r\n\r\n        \r\n        <p class=\"card-info\">\r\n            <i class=\"fas fa-stethoscope\"><\/i> \r\n            <strong>Especialidade M\u00e9dica:<\/strong> Oncologia\r\n        <\/p>\r\n        \r\n\t\t\r\n\t\t<p class=\"card-info\">\r\n  \t\t\t<i class=\"fas fa-heartbeat\"><\/i>\r\n  \t\t\t<strong>Condi\u00e7\u00e3o ou doen\u00e7a:<\/strong> <span class=\"valor-condicao\">Melanoma<\/span>\r\n\t\t<\/p>\r\n        \r\n    <\/div>\r\n    <div class=\"card-footer\">\r\n        <a href=\"https:\/\/www.ucs.br\/ips\/?post_type=pesquisa&#038;p=1913\" class=\"card-botao\">Ver Detalhes<\/a>\r\n    <\/div>\r\n<\/div><div class=\"projeto-card\">\r\n    <div class=\"card-detalhes\">\r\n        <h3><a href=\"https:\/\/www.ucs.br\/ips\/?post_type=pesquisa&#038;p=930\">lidERA Breast Cancer<\/a><\/h3>\r\n        <p class=\"card-info\">\r\n            <i class=\"fas fa-info-circle\"><\/i> \r\n            <strong>Status:<\/strong> Em andamento\r\n        <\/p>\r\n\r\n        \r\n        <p class=\"card-info\">\r\n            <i class=\"fas fa-stethoscope\"><\/i> \r\n            <strong>Especialidade M\u00e9dica:<\/strong> Oncologia\r\n        <\/p>\r\n        \r\n\t\t\r\n\t\t<p class=\"card-info\">\r\n  \t\t\t<i class=\"fas fa-heartbeat\"><\/i>\r\n  \t\t\t<strong>Condi\u00e7\u00e3o ou doen\u00e7a:<\/strong> <span class=\"valor-condicao\">C\u00e2ncer de mama<\/span>\r\n\t\t<\/p>\r\n        \r\n    <\/div>\r\n    <div class=\"card-footer\">\r\n        <a href=\"https:\/\/www.ucs.br\/ips\/?post_type=pesquisa&#038;p=930\" class=\"card-botao\">Ver Detalhes<\/a>\r\n    <\/div>\r\n<\/div><div class=\"projeto-card\">\r\n    <div class=\"card-detalhes\">\r\n        <h3><a href=\"https:\/\/www.ucs.br\/ips\/?post_type=pesquisa&#038;p=1345\">MAHOGANY<\/a><\/h3>\r\n        <p class=\"card-info\">\r\n            <i class=\"fas fa-info-circle\"><\/i> \r\n            <strong>Status:<\/strong> Em andamento\r\n        <\/p>\r\n\r\n        \r\n        <p class=\"card-info\">\r\n            <i class=\"fas fa-stethoscope\"><\/i> \r\n            <strong>Especialidade M\u00e9dica:<\/strong> Hematologia\r\n        <\/p>\r\n        \r\n\t\t\r\n\t\t<p class=\"card-info\">\r\n  \t\t\t<i class=\"fas fa-heartbeat\"><\/i>\r\n  \t\t\t<strong>Condi\u00e7\u00e3o ou doen\u00e7a:<\/strong> <span class=\"valor-condicao\">Linfoma<\/span>\r\n\t\t<\/p>\r\n        \r\n    <\/div>\r\n    <div class=\"card-footer\">\r\n        <a href=\"https:\/\/www.ucs.br\/ips\/?post_type=pesquisa&#038;p=1345\" class=\"card-botao\">Ver Detalhes<\/a>\r\n    <\/div>\r\n<\/div><div class=\"projeto-card\">\r\n    <div class=\"card-detalhes\">\r\n        <h3><a href=\"https:\/\/www.ucs.br\/ips\/?post_type=pesquisa&#038;p=1208\">MonumenTAL-3<\/a><\/h3>\r\n        <p class=\"card-info\">\r\n            <i class=\"fas fa-info-circle\"><\/i> \r\n            <strong>Status:<\/strong> Em andamento\r\n        <\/p>\r\n\r\n        \r\n        <p class=\"card-info\">\r\n            <i class=\"fas fa-stethoscope\"><\/i> \r\n            <strong>Especialidade M\u00e9dica:<\/strong> Hematologia\r\n        <\/p>\r\n        \r\n\t\t\r\n\t\t<p class=\"card-info\">\r\n  \t\t\t<i class=\"fas fa-heartbeat\"><\/i>\r\n  \t\t\t<strong>Condi\u00e7\u00e3o ou doen\u00e7a:<\/strong> <span class=\"valor-condicao\">Mieloma m\u00faltiplo<\/span>\r\n\t\t<\/p>\r\n        \r\n    <\/div>\r\n    <div class=\"card-footer\">\r\n        <a href=\"https:\/\/www.ucs.br\/ips\/?post_type=pesquisa&#038;p=1208\" class=\"card-botao\">Ver Detalhes<\/a>\r\n    <\/div>\r\n<\/div><div class=\"projeto-card\">\r\n    <div class=\"card-detalhes\">\r\n        <h3><a href=\"https:\/\/www.ucs.br\/ips\/?post_type=pesquisa&#038;p=1373\">MonumenTAL-6<\/a><\/h3>\r\n        <p class=\"card-info\">\r\n            <i class=\"fas fa-info-circle\"><\/i> \r\n            <strong>Status:<\/strong> Em andamento\r\n        <\/p>\r\n\r\n        \r\n        <p class=\"card-info\">\r\n            <i class=\"fas fa-stethoscope\"><\/i> \r\n            <strong>Especialidade M\u00e9dica:<\/strong> Hematologia\r\n        <\/p>\r\n        \r\n\t\t\r\n\t\t<p class=\"card-info\">\r\n  \t\t\t<i class=\"fas fa-heartbeat\"><\/i>\r\n  \t\t\t<strong>Condi\u00e7\u00e3o ou doen\u00e7a:<\/strong> <span class=\"valor-condicao\">Mieloma<\/span>\r\n\t\t<\/p>\r\n        \r\n    <\/div>\r\n    <div class=\"card-footer\">\r\n        <a href=\"https:\/\/www.ucs.br\/ips\/?post_type=pesquisa&#038;p=1373\" class=\"card-botao\">Ver Detalhes<\/a>\r\n    <\/div>\r\n<\/div><div class=\"projeto-card\">\r\n    <div class=\"card-detalhes\">\r\n        <h3><a href=\"https:\/\/www.ucs.br\/ips2\/?post_type=pesquisa&#038;p=277\">NATALEE<\/a><\/h3>\r\n        <p class=\"card-info\">\r\n            <i class=\"fas fa-info-circle\"><\/i> \r\n            <strong>Status:<\/strong> Em andamento\r\n        <\/p>\r\n\r\n        \r\n        <p class=\"card-info\">\r\n            <i class=\"fas fa-stethoscope\"><\/i> \r\n            <strong>Especialidade M\u00e9dica:<\/strong> Oncologia\r\n        <\/p>\r\n        \r\n\t\t\r\n\t\t<p class=\"card-info\">\r\n  \t\t\t<i class=\"fas fa-heartbeat\"><\/i>\r\n  \t\t\t<strong>Condi\u00e7\u00e3o ou doen\u00e7a:<\/strong> <span class=\"valor-condicao\">C\u00e2ncer de mama<\/span>\r\n\t\t<\/p>\r\n        \r\n    <\/div>\r\n    <div class=\"card-footer\">\r\n        <a href=\"https:\/\/www.ucs.br\/ips2\/?post_type=pesquisa&#038;p=277\" class=\"card-botao\">Ver Detalhes<\/a>\r\n    <\/div>\r\n<\/div><div class=\"projeto-card\">\r\n    <div class=\"card-detalhes\">\r\n        <h3><a href=\"https:\/\/www.ucs.br\/ips\/?post_type=pesquisa&#038;p=1702\">OrigAMI-3<\/a><\/h3>\r\n        <p class=\"card-info\">\r\n            <i class=\"fas fa-info-circle\"><\/i> \r\n            <strong>Status:<\/strong> Em andamento\r\n        <\/p>\r\n\r\n        \r\n        <p class=\"card-info\">\r\n            <i class=\"fas fa-stethoscope\"><\/i> \r\n            <strong>Especialidade M\u00e9dica:<\/strong> Oncologia\r\n        <\/p>\r\n        \r\n\t\t\r\n\t\t<p class=\"card-info\">\r\n  \t\t\t<i class=\"fas fa-heartbeat\"><\/i>\r\n  \t\t\t<strong>Condi\u00e7\u00e3o ou doen\u00e7a:<\/strong> <span class=\"valor-condicao\">Cancer colorretal<\/span>\r\n\t\t<\/p>\r\n        \r\n    <\/div>\r\n    <div class=\"card-footer\">\r\n        <a href=\"https:\/\/www.ucs.br\/ips\/?post_type=pesquisa&#038;p=1702\" class=\"card-botao\">Ver Detalhes<\/a>\r\n    <\/div>\r\n<\/div><div class=\"projeto-card\">\r\n    <div class=\"card-detalhes\">\r\n        <h3><a href=\"https:\/\/www.ucs.br\/ips\/?post_type=pesquisa&#038;p=1297\">STAR-121<\/a><\/h3>\r\n        <p class=\"card-info\">\r\n            <i class=\"fas fa-info-circle\"><\/i> \r\n            <strong>Status:<\/strong> Em andamento\r\n        <\/p>\r\n\r\n        \r\n        <p class=\"card-info\">\r\n            <i class=\"fas fa-stethoscope\"><\/i> \r\n            <strong>Especialidade M\u00e9dica:<\/strong> Oncologia\r\n        <\/p>\r\n        \r\n\t\t\r\n\t\t<p class=\"card-info\">\r\n  \t\t\t<i class=\"fas fa-heartbeat\"><\/i>\r\n  \t\t\t<strong>Condi\u00e7\u00e3o ou doen\u00e7a:<\/strong> <span class=\"valor-condicao\">C\u00e2ncer metast\u00e1tico de pulm\u00e3o de c\u00e9lulas n\u00e3o pequenas<\/span>\r\n\t\t<\/p>\r\n        \r\n    <\/div>\r\n    <div class=\"card-footer\">\r\n        <a href=\"https:\/\/www.ucs.br\/ips\/?post_type=pesquisa&#038;p=1297\" class=\"card-botao\">Ver Detalhes<\/a>\r\n    <\/div>\r\n<\/div><div class=\"projeto-card\">\r\n    <div class=\"card-detalhes\">\r\n        <h3><a href=\"https:\/\/www.ucs.br\/ips\/?post_type=pesquisa&#038;p=1858\">TALISMAN<\/a><\/h3>\r\n        <p class=\"card-info\">\r\n            <i class=\"fas fa-info-circle\"><\/i> \r\n            <strong>Status:<\/strong> Em andamento\r\n        <\/p>\r\n\r\n        \r\n        <p class=\"card-info\">\r\n            <i class=\"fas fa-stethoscope\"><\/i> \r\n            <strong>Especialidade M\u00e9dica:<\/strong> Hematologia\r\n        <\/p>\r\n        \r\n\t\t\r\n\t\t<p class=\"card-info\">\r\n  \t\t\t<i class=\"fas fa-heartbeat\"><\/i>\r\n  \t\t\t<strong>Condi\u00e7\u00e3o ou doen\u00e7a:<\/strong> <span class=\"valor-condicao\">Mieloma m\u00faltiplo<\/span>\r\n\t\t<\/p>\r\n        \r\n    <\/div>\r\n    <div class=\"card-footer\">\r\n        <a href=\"https:\/\/www.ucs.br\/ips\/?post_type=pesquisa&#038;p=1858\" class=\"card-botao\">Ver Detalhes<\/a>\r\n    <\/div>\r\n<\/div><div class=\"projeto-card\">\r\n    <div class=\"card-detalhes\">\r\n        <h3><a href=\"https:\/\/www.ucs.br\/ips\/?post_type=pesquisa&#038;p=1609\">THARROS<\/a><\/h3>\r\n        <p class=\"card-info\">\r\n            <i class=\"fas fa-info-circle\"><\/i> \r\n            <strong>Status:<\/strong> Em andamento\r\n        <\/p>\r\n\r\n        \r\n        <p class=\"card-info\">\r\n            <i class=\"fas fa-stethoscope\"><\/i> \r\n            <strong>Especialidade M\u00e9dica:<\/strong> Pneumologia\r\n        <\/p>\r\n        \r\n\t\t\r\n\t\t<p class=\"card-info\">\r\n  \t\t\t<i class=\"fas fa-heartbeat\"><\/i>\r\n  \t\t\t<strong>Condi\u00e7\u00e3o ou doen\u00e7a:<\/strong> <span class=\"valor-condicao\">Doen\u00e7a Pulmonar Obstrutiva Cr\u00f4nica (DPOC)<\/span>\r\n\t\t<\/p>\r\n        \r\n    <\/div>\r\n    <div class=\"card-footer\">\r\n        <a href=\"https:\/\/www.ucs.br\/ips\/?post_type=pesquisa&#038;p=1609\" class=\"card-botao\">Ver Detalhes<\/a>\r\n    <\/div>\r\n<\/div><div class=\"projeto-card\">\r\n    <div class=\"card-detalhes\">\r\n        <h3><a href=\"https:\/\/www.ucs.br\/ips\/?post_type=pesquisa&#038;p=1526\">TRIUMPH-OUTCOMES<\/a><\/h3>\r\n        <p class=\"card-info\">\r\n            <i class=\"fas fa-info-circle\"><\/i> \r\n            <strong>Status:<\/strong> Em andamento\r\n        <\/p>\r\n\r\n        \r\n        <p class=\"card-info\">\r\n            <i class=\"fas fa-stethoscope\"><\/i> \r\n            <strong>Especialidade M\u00e9dica:<\/strong> Nefrologia\r\n        <\/p>\r\n        \r\n\t\t\r\n\t\t<p class=\"card-info\">\r\n  \t\t\t<i class=\"fas fa-heartbeat\"><\/i>\r\n  \t\t\t<strong>Condi\u00e7\u00e3o ou doen\u00e7a:<\/strong> <span class=\"valor-condicao\">Doen\u00e7a cardiovascular ateroscler\u00f3tica\r\n\r\nDoen\u00e7a renal cr\u00f4nica<\/span>\r\n\t\t<\/p>\r\n        \r\n    <\/div>\r\n    <div class=\"card-footer\">\r\n        <a href=\"https:\/\/www.ucs.br\/ips\/?post_type=pesquisa&#038;p=1526\" class=\"card-botao\">Ver Detalhes<\/a>\r\n    <\/div>\r\n<\/div><div class=\"projeto-card\">\r\n    <div class=\"card-detalhes\">\r\n        <h3><a href=\"https:\/\/www.ucs.br\/ips\/?post_type=pesquisa&#038;p=1347\">TROPION-Lung07<\/a><\/h3>\r\n        <p class=\"card-info\">\r\n            <i class=\"fas fa-info-circle\"><\/i> \r\n            <strong>Status:<\/strong> Em andamento\r\n        <\/p>\r\n\r\n        \r\n        <p class=\"card-info\">\r\n            <i class=\"fas fa-stethoscope\"><\/i> \r\n            <strong>Especialidade M\u00e9dica:<\/strong> Oncologia\r\n        <\/p>\r\n        \r\n\t\t\r\n\t\t<p class=\"card-info\">\r\n  \t\t\t<i class=\"fas fa-heartbeat\"><\/i>\r\n  \t\t\t<strong>Condi\u00e7\u00e3o ou doen\u00e7a:<\/strong> <span class=\"valor-condicao\">C\u00e2ncer de pulm\u00e3o<\/span>\r\n\t\t<\/p>\r\n        \r\n    <\/div>\r\n    <div class=\"card-footer\">\r\n        <a href=\"https:\/\/www.ucs.br\/ips\/?post_type=pesquisa&#038;p=1347\" class=\"card-botao\">Ver Detalhes<\/a>\r\n    <\/div>\r\n<\/div><div class=\"projeto-card\">\r\n    <div class=\"card-detalhes\">\r\n        <h3><a href=\"https:\/\/www.ucs.br\/ips\/?post_type=pesquisa&#038;p=1311\">TROPION-Lung08<\/a><\/h3>\r\n        <p class=\"card-info\">\r\n            <i class=\"fas fa-info-circle\"><\/i> \r\n            <strong>Status:<\/strong> Em andamento\r\n        <\/p>\r\n\r\n        \r\n        <p class=\"card-info\">\r\n            <i class=\"fas fa-stethoscope\"><\/i> \r\n            <strong>Especialidade M\u00e9dica:<\/strong> Oncologia\r\n        <\/p>\r\n        \r\n\t\t\r\n\t\t<p class=\"card-info\">\r\n  \t\t\t<i class=\"fas fa-heartbeat\"><\/i>\r\n  \t\t\t<strong>Condi\u00e7\u00e3o ou doen\u00e7a:<\/strong> <span class=\"valor-condicao\">C\u00e2ncer de pulm\u00e3o<\/span>\r\n\t\t<\/p>\r\n        \r\n    <\/div>\r\n    <div class=\"card-footer\">\r\n        <a href=\"https:\/\/www.ucs.br\/ips\/?post_type=pesquisa&#038;p=1311\" class=\"card-botao\">Ver Detalhes<\/a>\r\n    <\/div>\r\n<\/div><div class=\"projeto-card\">\r\n    <div class=\"card-detalhes\">\r\n        <h3><a href=\"https:\/\/www.ucs.br\/ips\/?post_type=pesquisa&#038;p=1855\">UMBRIEL<\/a><\/h3>\r\n        <p class=\"card-info\">\r\n            <i class=\"fas fa-info-circle\"><\/i> \r\n            <strong>Status:<\/strong> Em andamento\r\n        <\/p>\r\n\r\n        \r\n        <p class=\"card-info\">\r\n            <i class=\"fas fa-stethoscope\"><\/i> \r\n            <strong>Especialidade M\u00e9dica:<\/strong> Pneumologia\r\n        <\/p>\r\n        \r\n\t\t\r\n\t\t<p class=\"card-info\">\r\n  \t\t\t<i class=\"fas fa-heartbeat\"><\/i>\r\n  \t\t\t<strong>Condi\u00e7\u00e3o ou doen\u00e7a:<\/strong> <span class=\"valor-condicao\">Asma<\/span>\r\n\t\t<\/p>\r\n        \r\n    <\/div>\r\n    <div class=\"card-footer\">\r\n        <a href=\"https:\/\/www.ucs.br\/ips\/?post_type=pesquisa&#038;p=1855\" class=\"card-botao\">Ver Detalhes<\/a>\r\n    <\/div>\r\n<\/div><div class=\"projeto-card\">\r\n    <div class=\"card-detalhes\">\r\n        <h3><a href=\"https:\/\/www.ucs.br\/ips\/?post_type=pesquisa&#038;p=1088\">VIVID-2<\/a><\/h3>\r\n        <p class=\"card-info\">\r\n            <i class=\"fas fa-info-circle\"><\/i> \r\n            <strong>Status:<\/strong> Em andamento\r\n        <\/p>\r\n\r\n        \r\n        <p class=\"card-info\">\r\n            <i class=\"fas fa-stethoscope\"><\/i> \r\n            <strong>Especialidade M\u00e9dica:<\/strong> Gastroenterologia\r\n        <\/p>\r\n        \r\n\t\t\r\n\t\t<p class=\"card-info\">\r\n  \t\t\t<i class=\"fas fa-heartbeat\"><\/i>\r\n  \t\t\t<strong>Condi\u00e7\u00e3o ou doen\u00e7a:<\/strong> <span class=\"valor-condicao\">Doen\u00e7a de Crohn<\/span>\r\n\t\t<\/p>\r\n        \r\n    <\/div>\r\n    <div class=\"card-footer\">\r\n        <a href=\"https:\/\/www.ucs.br\/ips\/?post_type=pesquisa&#038;p=1088\" class=\"card-botao\">Ver Detalhes<\/a>\r\n    <\/div>\r\n<\/div>\n<\/div>\n","protected":false},"excerpt":{"rendered":"","protected":false},"author":1,"featured_media":0,"parent":0,"menu_order":0,"comment_status":"closed","ping_status":"closed","template":"","meta":{"advanced_seo_description":"","jetpack_seo_html_title":"","jetpack_seo_noindex":false,"footnotes":""},"class_list":["post-170","page","type-page","status-publish","hentry"],"jetpack_sharing_enabled":true,"_links":{"self":[{"href":"https:\/\/www.ucs.br\/ips\/index.php?rest_route=\/wp\/v2\/pages\/170","targetHints":{"allow":["GET"]}}],"collection":[{"href":"https:\/\/www.ucs.br\/ips\/index.php?rest_route=\/wp\/v2\/pages"}],"about":[{"href":"https:\/\/www.ucs.br\/ips\/index.php?rest_route=\/wp\/v2\/types\/page"}],"author":[{"embeddable":true,"href":"https:\/\/www.ucs.br\/ips\/index.php?rest_route=\/wp\/v2\/users\/1"}],"replies":[{"embeddable":true,"href":"https:\/\/www.ucs.br\/ips\/index.php?rest_route=%2Fwp%2Fv2%2Fcomments&post=170"}],"version-history":[{"count":53,"href":"https:\/\/www.ucs.br\/ips\/index.php?rest_route=\/wp\/v2\/pages\/170\/revisions"}],"predecessor-version":[{"id":1806,"href":"https:\/\/www.ucs.br\/ips\/index.php?rest_route=\/wp\/v2\/pages\/170\/revisions\/1806"}],"wp:attachment":[{"href":"https:\/\/www.ucs.br\/ips\/index.php?rest_route=%2Fwp%2Fv2%2Fmedia&parent=170"}],"curies":[{"name":"wp","href":"https:\/\/api.w.org\/{rel}","templated":true}]}}