{"id":70,"date":"2020-09-18T13:38:17","date_gmt":"2020-09-18T16:38:17","guid":{"rendered":"https:\/\/www.ucs.br\/ips2\/?page_id=70"},"modified":"2025-06-02T09:24:16","modified_gmt":"2025-06-02T12:24:16","slug":"qualidade","status":"publish","type":"page","link":"https:\/\/www.ucs.br\/ips\/?page_id=70","title":{"rendered":"Qualidade"},"content":{"rendered":"\n<p>A compet\u00eancia e qualidade na realiza\u00e7\u00e3o dos ensaios laboratoriais desde o in\u00edcio de suas atividades resultou na obten\u00e7\u00e3o da acredita\u00e7\u00e3o\/reconhecimento do Instituto de Pesquisas em Sa\u00fade (IPS) de acordo com os requisitos estabelecidos na norma ABNT NBR ISO\/IEC 17025. A norma ABNT NBR ISO\/IEC 17025 estabelece crit\u00e9rios para laborat\u00f3rios que desejam demonstrar sua compet\u00eancia t\u00e9cnica, que possuem um sistema da qualidade efetivo e que s\u00e3o capazes de produzir resultados tecnicamente v\u00e1lidos. Al\u00e9m disso, estabelece um padr\u00e3o internacional e \u00fanico que atesta a compet\u00eancia do instituto na realiza\u00e7\u00e3o de ensaios.<\/p>\n\n\n\n<div style=\"height:50px\" aria-hidden=\"true\" class=\"wp-block-spacer\"><\/div>\n\n\n\n<div class=\"wp-block-columns is-layout-flex wp-container-core-columns-is-layout-9d6595d7 wp-block-columns-is-layout-flex\">\n<div class=\"wp-block-column is-layout-flow wp-block-column-is-layout-flow\">\n<div class=\"wp-block-image\"><figure class=\"aligncenter size-medium is-resized\"><a href=\"https:\/\/redemetrologica.com.br\/\"><img data-recalc-dims=\"1\" decoding=\"async\" src=\"https:\/\/i0.wp.com\/www.ucs.br\/ips2\/wp-content\/uploads\/2020\/09\/logoRMRS_ago2020-300x169.png?resize=225%2C127&#038;ssl=1\" alt=\"\" class=\"wp-image-25\" width=\"225\" height=\"127\" srcset=\"https:\/\/i0.wp.com\/www.ucs.br\/ips\/wp-content\/uploads\/2020\/09\/logoRMRS_ago2020.png?resize=300%2C169&amp;ssl=1 300w, https:\/\/i0.wp.com\/www.ucs.br\/ips\/wp-content\/uploads\/2020\/09\/logoRMRS_ago2020.png?resize=1024%2C576&amp;ssl=1 1024w, https:\/\/i0.wp.com\/www.ucs.br\/ips\/wp-content\/uploads\/2020\/09\/logoRMRS_ago2020.png?resize=768%2C432&amp;ssl=1 768w, https:\/\/i0.wp.com\/www.ucs.br\/ips\/wp-content\/uploads\/2020\/09\/logoRMRS_ago2020.png?resize=1536%2C864&amp;ssl=1 1536w, https:\/\/i0.wp.com\/www.ucs.br\/ips\/wp-content\/uploads\/2020\/09\/logoRMRS_ago2020.png?w=1920&amp;ssl=1 1920w, https:\/\/i0.wp.com\/www.ucs.br\/ips\/wp-content\/uploads\/2020\/09\/logoRMRS_ago2020.png?w=1686&amp;ssl=1 1686w\" sizes=\"(max-width: 225px) 100vw, 225px\" \/><\/a><\/figure><\/div>\n<\/div>\n\n\n\n<div class=\"wp-block-column is-layout-flow wp-block-column-is-layout-flow\">\n<p class=\"has-text-align-left\">>> Clique <a href=\"https:\/\/redemetrologica.com.br\/laboratorios-reconhecidos\/?id=612\" target=\"_blank\" rel=\"noreferrer noopener\">aqu<\/a><a rel=\"noreferrer noopener\" href=\"http:\/\/www.redemetrologica.com.br\/certificados\/1480418316_3414_-_UCS_-_HIV__dez.17.pdf\" target=\"_blank\">i<\/a> para visualizar o Certificado de Reconhecimento e o escopo de acredita\u00e7\u00e3o na \u00e1rea de atividade Sa\u00fade Humana e Animal.<\/p>\n<\/div>\n<\/div>\n\n\n\n<p>Adicionalmente, o IPS participa de programas de ensaio de profici\u00eancia nacionais e internacionais.<\/p>\n","protected":false},"excerpt":{"rendered":"<p>A compet\u00eancia e qualidade na realiza\u00e7\u00e3o dos ensaios laboratoriais desde o in\u00edcio de suas atividades resultou na obten\u00e7\u00e3o da acredita\u00e7\u00e3o\/reconhecimento do Instituto de Pesquisas em&hellip;<\/p>\n","protected":false},"author":1,"featured_media":0,"parent":0,"menu_order":0,"comment_status":"closed","ping_status":"closed","template":"","meta":{"advanced_seo_description":"","jetpack_seo_html_title":"","jetpack_seo_noindex":false,"footnotes":""},"class_list":["post-70","page","type-page","status-publish","hentry"],"jetpack_sharing_enabled":true,"_links":{"self":[{"href":"https:\/\/www.ucs.br\/ips\/index.php?rest_route=\/wp\/v2\/pages\/70","targetHints":{"allow":["GET"]}}],"collection":[{"href":"https:\/\/www.ucs.br\/ips\/index.php?rest_route=\/wp\/v2\/pages"}],"about":[{"href":"https:\/\/www.ucs.br\/ips\/index.php?rest_route=\/wp\/v2\/types\/page"}],"author":[{"embeddable":true,"href":"https:\/\/www.ucs.br\/ips\/index.php?rest_route=\/wp\/v2\/users\/1"}],"replies":[{"embeddable":true,"href":"https:\/\/www.ucs.br\/ips\/index.php?rest_route=%2Fwp%2Fv2%2Fcomments&post=70"}],"version-history":[{"count":6,"href":"https:\/\/www.ucs.br\/ips\/index.php?rest_route=\/wp\/v2\/pages\/70\/revisions"}],"predecessor-version":[{"id":738,"href":"https:\/\/www.ucs.br\/ips\/index.php?rest_route=\/wp\/v2\/pages\/70\/revisions\/738"}],"wp:attachment":[{"href":"https:\/\/www.ucs.br\/ips\/index.php?rest_route=%2Fwp%2Fv2%2Fmedia&parent=70"}],"curies":[{"name":"wp","href":"https:\/\/api.w.org\/{rel}","templated":true}]}}